{"id":61,"date":"2011-07-15T14:32:31","date_gmt":"2011-07-15T12:32:31","guid":{"rendered":"http:\/\/birgits-blog.net\/?page_id=61"},"modified":"2011-11-11T10:45:36","modified_gmt":"2011-11-11T08:45:36","slug":"gastebuch","status":"publish","type":"page","link":"http:\/\/birgits-blog.net\/?page_id=61","title":{"rendered":"G\u00e4stebuch"},"content":{"rendered":"<!-- WP-ViperGB v1.4.6 -->\n<div id=\"gbHeader\" class=\"alignwide\"><div id=\"gbNavLinks\">G&auml;stebuch anzeigen | <a href=\"\/index.php?rest_route=%2Fwp%2Fv2%2Fpages%2F61&#038;sign=1\">G&auml;stebucheintrag machen<\/a><\/div><\/div>    <div id=\"gbEntriesWrap\" class=\"alignwide\">\r\n              <table class=\"gbEntry page-nav\">\r\n          <tr>\r\n            <td class=\"gbEntryLeft\" rowspan=\"3\">\r\n              <table class=\"nocellspacing\">\r\n                <tr>\r\n                  <td class=\"leftSide\">Entry#:<\/td>\r\n                  <td class=\"rightSide\">\r\n                    9                  <\/td>\r\n                <\/tr>\r\n                <tr>\r\n                  <td class=\"leftSide vtop\">Datum:<\/td>\r\n                  <td class=\"rightSide\">\r\n                    Samstag<br \/>17:45<br \/>10.03.2012                  <\/td>\r\n                <\/tr>\r\n              <\/table>\r\n            <\/td>\r\n            <td class=\"gbEntryTop\">\r\n              <div class=\"gbAuthor\">\r\n                <img alt=\"ip\" src=\"http:\/\/birgits-blog.net\/wp-content\/plugins\/wp-vipergb\/img\/ip.gif\" \/> Jule              <\/div>\r\n              <div class=\"gbFlagAndBrowser\">\r\n                 <img src='http:\/\/birgits-blog.net\/wp-content\/plugins\/wp-vipergb\/img\/browsers\/windows.png' alt='Windows NT' width='14' height='14' class='browsericon' \/>  <img src='http:\/\/birgits-blog.net\/wp-content\/plugins\/wp-vipergb\/img\/browsers\/firefox.png' alt='Mozilla Firefox 10.0.2' width='14' height='14' class='browsericon' \/> <img src=\"http:\/\/birgits-blog.net\/wp-content\/plugins\/wp-vipergb\/img\/flags\/.png\" alt=\".\" title=\"\" \/>              <\/div>\r\n            <\/td>\r\n          <\/tr>\r\n          <tr>\r\n            <td class=\"gbEntryContent\">\r\n              <p>Oh man, Birgit das sieht ja echt alles total spannend aus! Am liebsten w\u00fcrde ich dich mal besuchen kommen \ud83d\ude42 Dein Blog ist echt cool, muss eine Menge Arbeit sein! Hoffe du hast eine tolle Zeit :*<\/p>\n            <\/td>\r\n          <\/tr>\r\n          <tr>\r\n            <td class=\"gbEntryBottom\">\r\n                              <img alt=\"\" src=\"http:\/\/birgits-blog.net\/wp-content\/plugins\/wp-vipergb\/img\/email.gif\" \/> &lt;versteckt&gt;<br \/>\r\n                                        <\/td>\r\n          <\/tr>\r\n        <\/table>\r\n              <table class=\"gbEntry page-nav\">\r\n          <tr>\r\n            <td class=\"gbEntryLeft\" rowspan=\"3\">\r\n              <table class=\"nocellspacing\">\r\n                <tr>\r\n                  <td class=\"leftSide\">Entry#:<\/td>\r\n                  <td class=\"rightSide\">\r\n                    8                  <\/td>\r\n                <\/tr>\r\n                <tr>\r\n                  <td class=\"leftSide vtop\">Datum:<\/td>\r\n                  <td class=\"rightSide\">\r\n                    Dienstag<br \/>15:34<br \/>07.02.2012                  <\/td>\r\n                <\/tr>\r\n              <\/table>\r\n            <\/td>\r\n            <td class=\"gbEntryTop\">\r\n              <div class=\"gbAuthor\">\r\n                <img alt=\"ip\" src=\"http:\/\/birgits-blog.net\/wp-content\/plugins\/wp-vipergb\/img\/ip.gif\" \/> OGAH              <\/div>\r\n              <div class=\"gbFlagAndBrowser\">\r\n                 <img src='http:\/\/birgits-blog.net\/wp-content\/plugins\/wp-vipergb\/img\/browsers\/macos.png' alt='Mac OS X' width='14' height='14' class='browsericon' \/>  <img src='http:\/\/birgits-blog.net\/wp-content\/plugins\/wp-vipergb\/img\/browsers\/safari.png' alt='Safari 535.7' width='14' height='14' class='browsericon' \/> <img src=\"http:\/\/birgits-blog.net\/wp-content\/plugins\/wp-vipergb\/img\/flags\/.png\" alt=\".\" title=\"\" \/>              <\/div>\r\n            <\/td>\r\n          <\/tr>\r\n          <tr>\r\n            <td class=\"gbEntryContent\">\r\n              <p>So, endlich ist hier richtig Winter. Es ist zwar noch nicht viel Schnee, aber er ist schon mal da. Jetzt mu\u00df das nur noch bis Ostern halten&#8230; \ud83d\ude42<br \/>\nIch wei\u00df, Dich kann man damit nicht hinterm  Ofen vorholen, aber mir gef\u00e4llt es.<br \/>\nGenie\u00dfe das Wetter da &#8222;Unten&#8220;, ich mach das hier genau so.<\/p>\n<p>Gru\u00df<\/p>\n<p>OGAH<\/p>\n            <\/td>\r\n          <\/tr>\r\n          <tr>\r\n            <td class=\"gbEntryBottom\">\r\n                              <img alt=\"\" src=\"http:\/\/birgits-blog.net\/wp-content\/plugins\/wp-vipergb\/img\/email.gif\" \/> &lt;versteckt&gt;<br \/>\r\n                                        <\/td>\r\n          <\/tr>\r\n        <\/table>\r\n              <table class=\"gbEntry page-nav\">\r\n          <tr>\r\n            <td class=\"gbEntryLeft\" rowspan=\"3\">\r\n              <table class=\"nocellspacing\">\r\n                <tr>\r\n                  <td class=\"leftSide\">Entry#:<\/td>\r\n                  <td class=\"rightSide\">\r\n                    7                  <\/td>\r\n                <\/tr>\r\n                <tr>\r\n                  <td class=\"leftSide vtop\">Datum:<\/td>\r\n                  <td class=\"rightSide\">\r\n                    Samstag<br \/>10:16<br \/>24.12.2011                  <\/td>\r\n                <\/tr>\r\n              <\/table>\r\n            <\/td>\r\n            <td class=\"gbEntryTop\">\r\n              <div class=\"gbAuthor\">\r\n                <img alt=\"ip\" src=\"http:\/\/birgits-blog.net\/wp-content\/plugins\/wp-vipergb\/img\/ip.gif\" \/> OGAH              <\/div>\r\n              <div class=\"gbFlagAndBrowser\">\r\n                 <img src='http:\/\/birgits-blog.net\/wp-content\/plugins\/wp-vipergb\/img\/browsers\/macos.png' alt='Mac OS X' width='14' height='14' class='browsericon' \/>  <img src='http:\/\/birgits-blog.net\/wp-content\/plugins\/wp-vipergb\/img\/browsers\/safari.png' alt='Safari 535.7' width='14' height='14' class='browsericon' \/> <img src=\"http:\/\/birgits-blog.net\/wp-content\/plugins\/wp-vipergb\/img\/flags\/.png\" alt=\".\" title=\"\" \/>              <\/div>\r\n            <\/td>\r\n          <\/tr>\r\n          <tr>\r\n            <td class=\"gbEntryContent\">\r\n              <p>Ich hoffe Du kommst trotz der &#8222;verkehrten&#8220; Wetterlage in eine angemessene Stimmung. Mir f\u00e4llt das hier im verregneten und vor allem VIEL zu warmen Deutschland echt schwer.<br \/>\nLass es Dir gut gehen<\/p>\n<p>Gru\u00df<\/p>\n<p>Marc<\/p>\n<p>P.S. Melde Dich mal wieder &#8230; irgendwie<\/p>\n            <\/td>\r\n          <\/tr>\r\n          <tr>\r\n            <td class=\"gbEntryBottom\">\r\n                              <img alt=\"\" src=\"http:\/\/birgits-blog.net\/wp-content\/plugins\/wp-vipergb\/img\/email.gif\" \/> &lt;versteckt&gt;<br \/>\r\n                                        <\/td>\r\n          <\/tr>\r\n        <\/table>\r\n              <table class=\"gbEntry page-nav\">\r\n          <tr>\r\n            <td class=\"gbEntryLeft\" rowspan=\"3\">\r\n              <table class=\"nocellspacing\">\r\n                <tr>\r\n                  <td class=\"leftSide\">Entry#:<\/td>\r\n                  <td class=\"rightSide\">\r\n                    6                  <\/td>\r\n                <\/tr>\r\n                <tr>\r\n                  <td class=\"leftSide vtop\">Datum:<\/td>\r\n                  <td class=\"rightSide\">\r\n                    Mittwoch<br \/>18:49<br \/>14.12.2011                  <\/td>\r\n                <\/tr>\r\n              <\/table>\r\n            <\/td>\r\n            <td class=\"gbEntryTop\">\r\n              <div class=\"gbAuthor\">\r\n                <img alt=\"ip\" src=\"http:\/\/birgits-blog.net\/wp-content\/plugins\/wp-vipergb\/img\/ip.gif\" \/> OGAH              <\/div>\r\n              <div class=\"gbFlagAndBrowser\">\r\n                 <img src='http:\/\/birgits-blog.net\/wp-content\/plugins\/wp-vipergb\/img\/browsers\/macos.png' alt='Mac OS X' width='14' height='14' class='browsericon' \/>  <img src='http:\/\/birgits-blog.net\/wp-content\/plugins\/wp-vipergb\/img\/browsers\/safari.png' alt='Safari 535.7' width='14' height='14' class='browsericon' \/> <img src=\"http:\/\/birgits-blog.net\/wp-content\/plugins\/wp-vipergb\/img\/flags\/.png\" alt=\".\" title=\"\" \/>              <\/div>\r\n            <\/td>\r\n          <\/tr>\r\n          <tr>\r\n            <td class=\"gbEntryContent\">\r\n              <p>So, nu bin ich auch hier&#8230;<\/p>\n<p>Ich w\u00fcnsche Dir nat\u00fcrlich auch alles Gute und viel Erfolg bei allen Deinen Unternehmungen.<\/p>\n<p>Und nat\u00fcrlich kann ich die Zeit kaum abwrten Dich wieder zu sehen.<\/p>\n<p>CUHKBL<\/p>\n<p>OGAH<\/p>\n            <\/td>\r\n          <\/tr>\r\n          <tr>\r\n            <td class=\"gbEntryBottom\">\r\n                              <img alt=\"\" src=\"http:\/\/birgits-blog.net\/wp-content\/plugins\/wp-vipergb\/img\/email.gif\" \/> &lt;versteckt&gt;<br \/>\r\n                                        <\/td>\r\n          <\/tr>\r\n        <\/table>\r\n              <table class=\"gbEntry page-nav\">\r\n          <tr>\r\n            <td class=\"gbEntryLeft\" rowspan=\"3\">\r\n              <table class=\"nocellspacing\">\r\n                <tr>\r\n                  <td class=\"leftSide\">Entry#:<\/td>\r\n                  <td class=\"rightSide\">\r\n                    5                  <\/td>\r\n                <\/tr>\r\n                <tr>\r\n                  <td class=\"leftSide vtop\">Datum:<\/td>\r\n                  <td class=\"rightSide\">\r\n                    Sonntag<br \/>10:41<br \/>13.11.2011                  <\/td>\r\n                <\/tr>\r\n              <\/table>\r\n            <\/td>\r\n            <td class=\"gbEntryTop\">\r\n              <div class=\"gbAuthor\">\r\n                <img alt=\"ip\" src=\"http:\/\/birgits-blog.net\/wp-content\/plugins\/wp-vipergb\/img\/ip.gif\" \/> Nancy              <\/div>\r\n              <div class=\"gbFlagAndBrowser\">\r\n                 <img src='http:\/\/birgits-blog.net\/wp-content\/plugins\/wp-vipergb\/img\/browsers\/windows.png' alt='Windows NT' width='14' height='14' class='browsericon' \/>  <img src='http:\/\/birgits-blog.net\/wp-content\/plugins\/wp-vipergb\/img\/browsers\/ie.png' alt='Internet Explorer 9.0' width='14' height='14' class='browsericon' \/> <img src=\"http:\/\/birgits-blog.net\/wp-content\/plugins\/wp-vipergb\/img\/flags\/.png\" alt=\".\" title=\"\" \/>              <\/div>\r\n            <\/td>\r\n          <\/tr>\r\n          <tr>\r\n            <td class=\"gbEntryContent\">\r\n              <p>Hallo Birgit<\/p>\n<p>Es h\u00f6rt sich an als bist du da schon gut &#8222;eingeheimst&#8220;. Sch\u00f6n zu lesen was du so machst und wie du das erlebst.<br \/>\nWir wunschen dir viel spass und erfolg<br \/>\nPs versuch das \u00df mal mit Taste Alt+0223<br \/>\nSo funzt das auf unsere Tastatur auch&#8230;;-)<\/p>\n<p>Alles liebe und gute, deine MA familie<\/p>\n            <\/td>\r\n          <\/tr>\r\n          <tr>\r\n            <td class=\"gbEntryBottom\">\r\n                              <img alt=\"\" src=\"http:\/\/birgits-blog.net\/wp-content\/plugins\/wp-vipergb\/img\/email.gif\" \/> &lt;versteckt&gt;<br \/>\r\n                                        <\/td>\r\n          <\/tr>\r\n        <\/table>\r\n              <table class=\"gbEntry page-nav\">\r\n          <tr>\r\n            <td class=\"gbEntryLeft\" rowspan=\"3\">\r\n              <table class=\"nocellspacing\">\r\n                <tr>\r\n                  <td class=\"leftSide\">Entry#:<\/td>\r\n                  <td class=\"rightSide\">\r\n                    4                  <\/td>\r\n                <\/tr>\r\n                <tr>\r\n                  <td class=\"leftSide vtop\">Datum:<\/td>\r\n                  <td class=\"rightSide\">\r\n                    Samstag<br \/>23:57<br \/>22.10.2011                  <\/td>\r\n                <\/tr>\r\n              <\/table>\r\n            <\/td>\r\n            <td class=\"gbEntryTop\">\r\n              <div class=\"gbAuthor\">\r\n                <img alt=\"ip\" src=\"http:\/\/birgits-blog.net\/wp-content\/plugins\/wp-vipergb\/img\/ip.gif\" \/> Martin              <\/div>\r\n              <div class=\"gbFlagAndBrowser\">\r\n                 <img src='http:\/\/birgits-blog.net\/wp-content\/plugins\/wp-vipergb\/img\/browsers\/macos.png' alt='Mac OS X' width='14' height='14' class='browsericon' \/>  <img src='http:\/\/birgits-blog.net\/wp-content\/plugins\/wp-vipergb\/img\/browsers\/safari.png' alt='Safari 535.1' width='14' height='14' class='browsericon' \/> <img src=\"http:\/\/birgits-blog.net\/wp-content\/plugins\/wp-vipergb\/img\/flags\/.png\" alt=\".\" title=\"\" \/>              <\/div>\r\n            <\/td>\r\n          <\/tr>\r\n          <tr>\r\n            <td class=\"gbEntryContent\">\r\n              <p>Sch\u00f6n zu h\u00f6ren, was du unter dem Sonnenzenit so veranstaltest. Richtig fernweherweckend. Genie\u00df jede einzelne Sekunde! Ich wei\u00df, das tust du auch so, aber lass es dir noch mal gesagt sein.<br \/>\nDass du dich an die Tinwhistle gewagt hast, freut mich besonders. Die will ich bei Gelegenheit mal live h\u00f6ren.<\/p>\n<p>Gr\u00fc\u00dfe an die siebenbeinige Tarantel!<br \/>\nMartin<\/p>\n            <\/td>\r\n          <\/tr>\r\n          <tr>\r\n            <td class=\"gbEntryBottom\">\r\n                              <img alt=\"\" src=\"http:\/\/birgits-blog.net\/wp-content\/plugins\/wp-vipergb\/img\/email.gif\" \/> &lt;versteckt&gt;<br \/>\r\n                                        <\/td>\r\n          <\/tr>\r\n        <\/table>\r\n              <table class=\"gbEntry page-nav\">\r\n          <tr>\r\n            <td class=\"gbEntryLeft\" rowspan=\"3\">\r\n              <table class=\"nocellspacing\">\r\n                <tr>\r\n                  <td class=\"leftSide\">Entry#:<\/td>\r\n                  <td class=\"rightSide\">\r\n                    3                  <\/td>\r\n                <\/tr>\r\n                <tr>\r\n                  <td class=\"leftSide vtop\">Datum:<\/td>\r\n                  <td class=\"rightSide\">\r\n                    Sonntag<br \/>14:50<br \/>18.09.2011                  <\/td>\r\n                <\/tr>\r\n              <\/table>\r\n            <\/td>\r\n            <td class=\"gbEntryTop\">\r\n              <div class=\"gbAuthor\">\r\n                <img alt=\"ip\" src=\"http:\/\/birgits-blog.net\/wp-content\/plugins\/wp-vipergb\/img\/ip.gif\" \/> Renate              <\/div>\r\n              <div class=\"gbFlagAndBrowser\">\r\n                 <img src='http:\/\/birgits-blog.net\/wp-content\/plugins\/wp-vipergb\/img\/browsers\/macos.png' alt='Mac OS X' width='14' height='14' class='browsericon' \/>  <img src='http:\/\/birgits-blog.net\/wp-content\/plugins\/wp-vipergb\/img\/browsers\/safari.png' alt='Safari 535.1' width='14' height='14' class='browsericon' \/> <img src=\"http:\/\/birgits-blog.net\/wp-content\/plugins\/wp-vipergb\/img\/flags\/.png\" alt=\".\" title=\"\" \/>              <\/div>\r\n            <\/td>\r\n          <\/tr>\r\n          <tr>\r\n            <td class=\"gbEntryContent\">\r\n              <p>Hallo Birgit, ich finde Deine Tagebucheintr\u00e4ge sehr interessant. Genie\u00dfe die Zeit in Peru und nimm die vielen neuen Eindr\u00fccke die Du gewinnst bewusst wahr. Deine Mama<\/p>\n            <\/td>\r\n          <\/tr>\r\n          <tr>\r\n            <td class=\"gbEntryBottom\">\r\n                              <img alt=\"\" src=\"http:\/\/birgits-blog.net\/wp-content\/plugins\/wp-vipergb\/img\/email.gif\" \/> &lt;versteckt&gt;<br \/>\r\n                                        <\/td>\r\n          <\/tr>\r\n        <\/table>\r\n              <table class=\"gbEntry page-nav\">\r\n          <tr>\r\n            <td class=\"gbEntryLeft\" rowspan=\"3\">\r\n              <table class=\"nocellspacing\">\r\n                <tr>\r\n                  <td class=\"leftSide\">Entry#:<\/td>\r\n                  <td class=\"rightSide\">\r\n                    2                  <\/td>\r\n                <\/tr>\r\n                <tr>\r\n                  <td class=\"leftSide vtop\">Datum:<\/td>\r\n                  <td class=\"rightSide\">\r\n                    Donnerstag<br \/>23:20<br \/>08.09.2011                  <\/td>\r\n                <\/tr>\r\n              <\/table>\r\n            <\/td>\r\n            <td class=\"gbEntryTop\">\r\n              <div class=\"gbAuthor\">\r\n                <img alt=\"ip\" src=\"http:\/\/birgits-blog.net\/wp-content\/plugins\/wp-vipergb\/img\/ip.gif\" \/> Hagen von Quaderebbe              <\/div>\r\n              <div class=\"gbFlagAndBrowser\">\r\n                 <img src='http:\/\/birgits-blog.net\/wp-content\/plugins\/wp-vipergb\/img\/browsers\/windows.png' alt='Windows XP' width='14' height='14' class='browsericon' \/>  <img src='http:\/\/birgits-blog.net\/wp-content\/plugins\/wp-vipergb\/img\/browsers\/firefox.png' alt='Mozilla Firefox 6.0.2' width='14' height='14' class='browsericon' \/> <img src=\"http:\/\/birgits-blog.net\/wp-content\/plugins\/wp-vipergb\/img\/flags\/.png\" alt=\".\" title=\"\" \/>              <\/div>\r\n            <\/td>\r\n          <\/tr>\r\n          <tr>\r\n            <td class=\"gbEntryContent\">\r\n              <p>Auch wir w\u00fcnschen Dir alles Gute und eine sch\u00f6ne Zeit dort auch ohne uns. Und wir hoffen Dich bald wohlbehalten wieder in unsere Arme zu nehmen!<\/p>\n<p>Liebe Gr\u00fc\u00dfe Thorsten und Sabine<\/p>\n            <\/td>\r\n          <\/tr>\r\n          <tr>\r\n            <td class=\"gbEntryBottom\">\r\n                              <img alt=\"\" src=\"http:\/\/birgits-blog.net\/wp-content\/plugins\/wp-vipergb\/img\/email.gif\" \/> &lt;versteckt&gt;<br \/>\r\n                                        <\/td>\r\n          <\/tr>\r\n        <\/table>\r\n              <table class=\"gbEntry page-nav\">\r\n          <tr>\r\n            <td class=\"gbEntryLeft\" rowspan=\"3\">\r\n              <table class=\"nocellspacing\">\r\n                <tr>\r\n                  <td class=\"leftSide\">Entry#:<\/td>\r\n                  <td class=\"rightSide\">\r\n                    1                  <\/td>\r\n                <\/tr>\r\n                <tr>\r\n                  <td class=\"leftSide vtop\">Datum:<\/td>\r\n                  <td class=\"rightSide\">\r\n                    Montag<br \/>00:13<br \/>05.09.2011                  <\/td>\r\n                <\/tr>\r\n              <\/table>\r\n            <\/td>\r\n            <td class=\"gbEntryTop\">\r\n              <div class=\"gbAuthor\">\r\n                <img alt=\"ip\" src=\"http:\/\/birgits-blog.net\/wp-content\/plugins\/wp-vipergb\/img\/ip.gif\" \/> Merlin              <\/div>\r\n              <div class=\"gbFlagAndBrowser\">\r\n                 <img src='http:\/\/birgits-blog.net\/wp-content\/plugins\/wp-vipergb\/img\/browsers\/windows.png' alt='Windows XP' width='14' height='14' class='browsericon' \/>  <img src='http:\/\/birgits-blog.net\/wp-content\/plugins\/wp-vipergb\/img\/browsers\/firefox.png' alt='Mozilla Firefox 6.0' width='14' height='14' class='browsericon' \/> <img src=\"http:\/\/birgits-blog.net\/wp-content\/plugins\/wp-vipergb\/img\/flags\/.png\" alt=\".\" title=\"\" \/>              <\/div>\r\n            <\/td>\r\n          <\/tr>\r\n          <tr>\r\n            <td class=\"gbEntryContent\">\r\n              <p>Auf das diesem Eintrag viele weitere folgen&#8230; Alles Gute und viel Gl\u00fcck auf Deiner Reise<\/p>\n            <\/td>\r\n          <\/tr>\r\n          <tr>\r\n            <td class=\"gbEntryBottom\">\r\n                              <img alt=\"\" src=\"http:\/\/birgits-blog.net\/wp-content\/plugins\/wp-vipergb\/img\/email.gif\" \/> &lt;versteckt&gt;<br \/>\r\n                                        <\/td>\r\n          <\/tr>\r\n        <\/table>\r\n            <span id=\"gbCredit\">Powered by WP-ViperGB<\/span><\/div>","protected":false},"excerpt":{"rendered":"<p>G&auml;stebuch anzeigen | G&auml;stebucheintrag machen Entry#: 9 Datum: Samstag17:4510.03.2012 Jule Oh man, Birgit das sieht ja echt alles total spannend aus! Am liebsten w\u00fcrde ich dich mal besuchen kommen \ud83d\ude42 Dein Blog ist echt cool, muss eine Menge Arbeit sein! Hoffe du hast eine tolle Zeit :* &lt;versteckt&gt; Entry#: 8 Datum: Dienstag15:3407.02.2012 OGAH So, endlich [&hellip;]<\/p>\n","protected":false},"author":1,"featured_media":0,"parent":0,"menu_order":4,"comment_status":"open","ping_status":"open","template":"","meta":[],"_links":{"self":[{"href":"http:\/\/birgits-blog.net\/index.php?rest_route=\/wp\/v2\/pages\/61"}],"collection":[{"href":"http:\/\/birgits-blog.net\/index.php?rest_route=\/wp\/v2\/pages"}],"about":[{"href":"http:\/\/birgits-blog.net\/index.php?rest_route=\/wp\/v2\/types\/page"}],"author":[{"embeddable":true,"href":"http:\/\/birgits-blog.net\/index.php?rest_route=\/wp\/v2\/users\/1"}],"replies":[{"embeddable":true,"href":"http:\/\/birgits-blog.net\/index.php?rest_route=%2Fwp%2Fv2%2Fcomments&post=61"}],"version-history":[{"count":7,"href":"http:\/\/birgits-blog.net\/index.php?rest_route=\/wp\/v2\/pages\/61\/revisions"}],"predecessor-version":[{"id":324,"href":"http:\/\/birgits-blog.net\/index.php?rest_route=\/wp\/v2\/pages\/61\/revisions\/324"}],"wp:attachment":[{"href":"http:\/\/birgits-blog.net\/index.php?rest_route=%2Fwp%2Fv2%2Fmedia&parent=61"}],"curies":[{"name":"wp","href":"https:\/\/api.w.org\/{rel}","templated":true}]}}