{"id":279,"date":"2011-11-01T19:02:02","date_gmt":"2011-11-01T17:02:02","guid":{"rendered":"http:\/\/birgits-blog.net\/?page_id=279"},"modified":"2012-05-09T10:25:37","modified_gmt":"2012-05-09T08:25:37","slug":"wie-agroforstwirtschaft-eigentlich-aussehen-soll-die-chacra-von-don-pedro","status":"publish","type":"page","link":"http:\/\/birgits-blog.net\/?page_id=279","title":{"rendered":"Agroforst Don Pedro"},"content":{"rendered":"<p><strong>Wie Agroforstwirtschaft eigentlich aussehen soll &#8211; die Chacra von Don Pedro<\/strong><\/p>\n<p>Don Pedro ist der fr\u00fchere Vorsitzende vom Ecocentro, der sich allerdings wegen einer l\u00e4ngeren Krankheit und auch, weil er wieder selbst auf seinem Feld aktiv werden wollte, von dem Amt zur\u00fcckgezogen hat.<br \/>\nEr hat sehr viel Wissen und Erfahrung in Sachen Landwirtschaft, allerdings ist er nicht mehr der J\u00fcngste und wie es scheint hilft ihm nur seine Tochter Clara manchmal auf seiner gro\u00dfen, nur ein paar 100 Meter entfernten Chacra.<br \/>\nDeshalb fragt er manchmal den Luis oder auch uns pers\u00f6nlich, ob wir ihm ein bisschen beim Ernten oder Unkraut zupfen zur Hand gehen k\u00f6nnen, was mich immer ein bisschen freut. Seine Chacra ist n\u00e4mlich so ganz anders als die vom \u00d6kozentrum. Zu einem gro\u00dfen Teil liegt es wohl einfach daran, dass er nicht das Pech mit den flei\u00dfigen Nachbarn hatte. So konnte er \u00fcber l\u00e4ngere Zeit die verschiedensten Nutz- und auch einige Heilpflanzen ansammeln. Die ersten 50 Meter wandert man durch einen kleinen Wald verschiedenster Palmen und anderer B\u00e4ume, bis man zur freieren, haupts\u00e4chlich bearbeiteten Fl\u00e4che kommt. Ein Teil direkt neben der kleinen H\u00fctte (in der er nach der Arbeit \u00fcbrigens immer einen Zitrusbl\u00e4ttertee oder sonst eine Erfrischung zubereitet) erinnert stark an einen Gem\u00fcsegarten. Hier wachsen Zwiebeln, Lauch und Bohnen neben verschiedenen Minzesorten *strahl* \ud83d\ude09 und auch ein paar St\u00e4ngeln Mais.<br \/>\n<a href=\"http:\/\/birgits-blog.net\/wp-content\/uploads\/2011\/11\/Der-Garten.jpg\"><img loading=\"lazy\" src=\"http:\/\/birgits-blog.net\/wp-content\/uploads\/2011\/11\/Der-Garten-300x225.jpg\" alt=\"\" title=\"Der Garten\" width=\"300\" height=\"225\" class=\"aligncenter size-medium wp-image-298\" srcset=\"http:\/\/birgits-blog.net\/wp-content\/uploads\/2011\/11\/Der-Garten-300x225.jpg 300w, http:\/\/birgits-blog.net\/wp-content\/uploads\/2011\/11\/Der-Garten-1024x768.jpg 1024w, http:\/\/birgits-blog.net\/wp-content\/uploads\/2011\/11\/Der-Garten.jpg 1600w\" sizes=\"(max-width: 300px) 100vw, 300px\" \/><\/a><br \/>\nUnd daneben dann unmengen verschiedenster Sorten Aj\u00ed. Mit dessen Ernte verbrachten wir dann auch gleich mehrere Tage. Erst der kleine, scharfe \u201eFischaugenaj\u00ed\u201c, den wir mit Clara in Essig einlegten, dann der gr\u00f6\u00dfere \u201es\u00fc\u00dfe Aj\u00ed\u201c, den die Clara so wie er war auf dem Wochenmarkt verkaufen konnte.<br \/>\nAndern Tags zupften wir Unkraut zwischen dem Kohl und sammelten die reifen Schoten einer weiteren Bohnenart ein (die scheinen hier wirklich unersch\u00f6pflich).<br \/>\nDie Arbeit bei Don Pedro ist wirklich immer sehr lehrreich und oft schenkt er uns Samen oder Ableger f\u00fcr unsere Huerta. Ich bin schon sehr gespannt, wie das Feld in der Regenzeit aussieht, wenn alles nicht mehr so trocken ist.<br \/>\n<a href=\"http:\/\/birgits-blog.net\/wp-content\/uploads\/2011\/11\/Pedros-Chacra-Huette-wo-er-uebrigens-nicht-wohnt.jpg\"><img loading=\"lazy\" src=\"http:\/\/birgits-blog.net\/wp-content\/uploads\/2011\/11\/Pedros-Chacra-Huette-wo-er-uebrigens-nicht-wohnt-300x225.jpg\" alt=\"\" title=\"Pedros Chacra-H\u00fctte (wo er \u00fcbrigens nicht wohnt)\" width=\"300\" height=\"225\" class=\"aligncenter size-medium wp-image-284\" \/><\/a><\/p>\n","protected":false},"excerpt":{"rendered":"<p>Wie Agroforstwirtschaft eigentlich aussehen soll &#8211; die Chacra von Don Pedro Don Pedro ist der fr\u00fchere Vorsitzende vom Ecocentro, der sich allerdings wegen einer l\u00e4ngeren Krankheit und auch, weil er wieder selbst auf seinem Feld aktiv werden wollte, von dem Amt zur\u00fcckgezogen hat. Er hat sehr viel Wissen und Erfahrung in Sachen Landwirtschaft, allerdings ist [&hellip;]<\/p>\n","protected":false},"author":1,"featured_media":0,"parent":87,"menu_order":2,"comment_status":"open","ping_status":"open","template":"","meta":[],"_links":{"self":[{"href":"http:\/\/birgits-blog.net\/index.php?rest_route=\/wp\/v2\/pages\/279"}],"collection":[{"href":"http:\/\/birgits-blog.net\/index.php?rest_route=\/wp\/v2\/pages"}],"about":[{"href":"http:\/\/birgits-blog.net\/index.php?rest_route=\/wp\/v2\/types\/page"}],"author":[{"embeddable":true,"href":"http:\/\/birgits-blog.net\/index.php?rest_route=\/wp\/v2\/users\/1"}],"replies":[{"embeddable":true,"href":"http:\/\/birgits-blog.net\/index.php?rest_route=%2Fwp%2Fv2%2Fcomments&post=279"}],"version-history":[{"count":5,"href":"http:\/\/birgits-blog.net\/index.php?rest_route=\/wp\/v2\/pages\/279\/revisions"}],"predecessor-version":[{"id":478,"href":"http:\/\/birgits-blog.net\/index.php?rest_route=\/wp\/v2\/pages\/279\/revisions\/478"}],"up":[{"embeddable":true,"href":"http:\/\/birgits-blog.net\/index.php?rest_route=\/wp\/v2\/pages\/87"}],"wp:attachment":[{"href":"http:\/\/birgits-blog.net\/index.php?rest_route=%2Fwp%2Fv2%2Fmedia&parent=279"}],"curies":[{"name":"wp","href":"https:\/\/api.w.org\/{rel}","templated":true}]}}

<p><strong>Wie Agroforstwirtschaft eigentlich aussehen soll &#8211; die Chacra von Don Pedro</strong></p>
<p>Don Pedro ist der frühere Vorsitzende vom Ecocentro, der sich allerdings wegen einer längeren Krankheit und auch, weil er wieder selbst auf seinem Feld aktiv werden wollte, von dem Amt zurückgezogen hat.<br />
Er hat sehr viel Wissen und Erfahrung in Sachen Landwirtschaft, allerdings ist er nicht mehr der Jüngste und wie es scheint hilft ihm nur seine Tochter Clara manchmal auf seiner großen, nur ein paar 100 Meter entfernten Chacra.<br />
Deshalb fragt er manchmal den Luis oder auch uns persönlich, ob wir ihm ein bisschen beim Ernten oder Unkraut zupfen zur Hand gehen können, was mich immer ein bisschen freut. Seine Chacra ist nämlich so ganz anders als die vom Ökozentrum. Zu einem großen Teil liegt es wohl einfach daran, dass er nicht das Pech mit den fleißigen Nachbarn hatte. So konnte er über längere Zeit die verschiedensten Nutz- und auch einige Heilpflanzen ansammeln. Die ersten 50 Meter wandert man durch einen kleinen Wald verschiedenster Palmen und anderer Bäume, bis man zur freieren, hauptsächlich bearbeiteten Fläche kommt. Ein Teil direkt neben der kleinen Hütte (in der er nach der Arbeit übrigens immer einen Zitrusblättertee oder sonst eine Erfrischung zubereitet) erinnert stark an einen Gemüsegarten. Hier wachsen Zwiebeln, Lauch und Bohnen neben verschiedenen Minzesorten *strahl* 😉 und auch ein paar Stängeln Mais.<br />
<a href="http://birgits-blog.net/wp-content/uploads/2011/11/Der-Garten.jpg"><img loading="lazy" src="http://birgits-blog.net/wp-content/uploads/2011/11/Der-Garten-300x225.jpg" alt="" title="Der Garten" width="300" height="225" class="aligncenter size-medium wp-image-298" srcset="http://birgits-blog.net/wp-content/uploads/2011/11/Der-Garten-300x225.jpg 300w, http://birgits-blog.net/wp-content/uploads/2011/11/Der-Garten-1024x768.jpg 1024w, http://birgits-blog.net/wp-content/uploads/2011/11/Der-Garten.jpg 1600w" sizes="(max-width: 300px) 100vw, 300px" /></a><br />
Und daneben dann unmengen verschiedenster Sorten Ají. Mit dessen Ernte verbrachten wir dann auch gleich mehrere Tage. Erst der kleine, scharfe „Fischaugenají“, den wir mit Clara in Essig einlegten, dann der größere „süße Ají“, den die Clara so wie er war auf dem Wochenmarkt verkaufen konnte.<br />
Andern Tags zupften wir Unkraut zwischen dem Kohl und sammelten die reifen Schoten einer weiteren Bohnenart ein (die scheinen hier wirklich unerschöpflich).<br />
Die Arbeit bei Don Pedro ist wirklich immer sehr lehrreich und oft schenkt er uns Samen oder Ableger für unsere Huerta. Ich bin schon sehr gespannt, wie das Feld in der Regenzeit aussieht, wenn alles nicht mehr so trocken ist.<br />
<a href="http://birgits-blog.net/wp-content/uploads/2011/11/Pedros-Chacra-Huette-wo-er-uebrigens-nicht-wohnt.jpg"><img loading="lazy" src="http://birgits-blog.net/wp-content/uploads/2011/11/Pedros-Chacra-Huette-wo-er-uebrigens-nicht-wohnt-300x225.jpg" alt="" title="Pedros Chacra-Hütte (wo er übrigens nicht wohnt)" width="300" height="225" class="aligncenter size-medium wp-image-284" /></a></p>

<p>Wie Agroforstwirtschaft eigentlich aussehen soll &#8211; die Chacra von Don Pedro Don Pedro ist der frühere Vorsitzende vom Ecocentro, der sich allerdings wegen einer längeren Krankheit und auch, weil er wieder selbst auf seinem Feld aktiv werden wollte, von dem Amt zurückgezogen hat. Er hat sehr viel Wissen und Erfahrung in Sachen Landwirtschaft, allerdings ist [&hellip;]</p>
